2*w = -0*w + 14. Calculate the remainder when w is divided by o(c).
1
Let b(x) = 8*x. What is the remainder when 70 is divided by b(3)?
22
Let s = 11 + -3. Suppose y - 8 - 22 = 0. Calculate the remainder when y is divided by s.
6
Let t = 65 - 43. Calculate the remainder when t is divided by 6.
4
Suppose 0 = 7*b - 2*b - 230. Calculate the remainder when b is divided by 16.
14
Suppose 3*c + 0*c - 210 = 0. Let z = 116 - c. What is the remainder when z is divided by 24?
22
Let x = -4 - -2. What is the remainder when (-6)/3*x*5 is divided by 3 + 0 + 4 - 0?
6
Let w = -8 + 18. Suppose 3*x - 15 = -0*x, w = 2*h - 4*x. What is the remainder when 44 is divided by h?
14
Let b = -34 + 22. Let c = 34 - 8. Let j = c + b. Calculate the remainder when 40 is divided by j.
12
Let v(l) = -5*l - 13. What is the remainder when v(-6) is divided by 9?
8
Let b = 44 - 33. What is the remainder when 43 is divided by b?
10
Let y(k) = -6*k - 2. Let a be -8*(-1 - (-2)/4). Suppose -14 = -a*t + 26. What is the remainder when y(-5) is divided by t?
8
Let a = 32 - 3. Calculate the remainder when 56 is divided by a.
27
Suppose -7*z = -3*z - 28. Suppose 0 = 4*f - b - 24 - z, 0 = -4*f + 2*b + 30. Suppose -c + f = 3*c, c + 33 = 5*v. What is the remainder when v is divided by 3?
1
Suppose 0 = -4*x - 3*r + 2*r + 4, x - 22 = 5*r. Calculate the remainder when 5/(5/12) + -2 is divided by x/(-2) - 15/(-3).
2
Let g(h) = -11*h - 27. Calculate the remainder when g(-5) is divided by 10.
8
Calculate the remainder when 44 is divided by (-126)/(-8) + (-42)/56.
14
Let m = -8 + 18. Suppose -2*y - v - 5 = -48, 0 = -5*y + 5*v + 70. Calculate the remainder when y is divided by m.
9
Let z = -21 - -36. Suppose 6*q - 3*q + z = 3*p, -5*q - 4 = -2*p. Calculate the remainder when p is divided by 5.
2
Let h = 0 - 0. Suppose 3*s - 2*n = n + 69, h = -s - 3*n + 27. Suppose 0 = -z - 3*z + s. Calculate the remainder when z is divided by 4.
2
Suppose -6 = -3*u + 6. Suppose -3*o + 0*o + 9 = x, u*x = -4*o + 44. Calculate the remainder when 23 is divided by x.
11
Let g = 19 + -3. Suppose g = 2*d + 2. Let m(b) = b**2 - 4*b - 5. What is the remainder when m(-4) is divided by d?
6
Let o = 1 - -5. Suppose -3*j + 32 = 5*u - 46, 3*j = 3. What is the remainder when 172/o + (-1)/(-3) is divided by u?
14
Suppose 0 = k - 0*k + 2. Let u = k - -4. Calculate the remainder when 2 is divided by u.
0
Suppose -2*z + 2*k = -14, -2*z + 5*k + 15 = z. Calculate the remainder when 27 is divided by z.
7
Let r(t) be the second derivative of 17/2*t**2 + 0 - 4*t + 1/6*t**3. Calculate the remainder when r(0) is divided by 9.
8
Let h = -19 + 45. What is the remainder when h is divided by 7?
5
Suppose -2*y - y = 4*t - 137, y - 131 = -4*t. Let z(b) = -b + 49. Calculate the remainder when t is divided by z(32).
15
Suppose 3*d - 20 = -2*b, -3*b - 2*d = -5*d - 30. What is the remainder when 39 is divided by b?
9
Let k(j) = -j**2 + 10*j - 4. Calculate the remainder when 33 is divided by k(8).
9
Calculate the remainder when 32 is divided by -3 - -2 - (-15 + 3).
10
Suppose 0 = -h + 3, 2*d - 5*h = -d - 9. Suppose 2*g - g = d. What is the remainder when 2 is divided by g?
0
Let g(r) = -r**3 - 8*r**2 + 12*r + 1. Let x be g(-10). Suppose 3*f - 54 = x. Calculate the remainder when f is divided by 12.
9
Let a(b) = 3*b**2 - 4*b**2 - 5 + 4*b + 3*b**2. What is the remainder when a(-4) is divided by 7?
4
Suppose -3*v = -4*x - 16, 4*v = -4*x + 74 - 6. What is the remainder when 33 is divided by v?
9
Let o(y) = 5*y + 1. Let v be o(6). Suppose -1 = 2*k - v. Calculate the remainder when 43 is divided by k.
13
Suppose 7 = 5*n - 18. Calculate the remainder when 14 is divided by n.
4
Let q(v) = 2*v**2 - 5*v - 6. What is the remainder when 72 is divided by q(5)?
15
Let x(l) = -28*l**3 + l**2 - 1. Let c be -1 - (-2)/(-2) - -1. Suppose -3*r + 22 = -23. What is the remainder when x(c) is divided by r?
13
Let p(q) = 0 + q + 0 + 1. Let u = 29 + -21. What is the remainder when 26 is divided by p(u)?
8
Let g(x) = 30*x**2 - x + 1. What is the remainder when g(1) is divided by 11?
8
Let g(h) = h. Let z be g(2). Calculate the remainder when 26 is divided by (-42)/9*(-3)/z.
5
Suppose 2*p + 3*m - 5 = 0, 6*m - 2*m = -2*p + 6. What is the remainder when p is divided by (-2)/(-2)*(8 - 7)?
0
Let o be (-11)/2 - (-2)/(-4). Calculate the remainder when 22 is divided by 3 - o/(-4)*-2.
4
Suppose -4*f + o = 5*o - 4, -5*f = -5*o + 5. Suppose f = -3*r + 3 + 15. Calculate the remainder when 10 is divided by r.
4
Let a(c) = -3*c + 5. What is the remainder when 83 is divided by a(-4)?
15
Suppose 2*s - 3 = -11. Calculate the remainder when 34 is divided by (12 - 1) + s/(-4).
10
Suppose -3*k + 185 = 17. What is the remainder when k is divided by 29?
27
Suppose t - 2*t - l - 1 = 0, 2*t + 5*l + 17 = 0. Calculate the remainder when 322/t + 6/(-4) is divided by 27.
25
Let v be 6 + 3 + (-12)/2. Suppose -v*f + 9 = -0*f. Suppose 0 = 5*q - 15, 3*o + 3*q + q - 39 = 0. What is the remainder when o is divided by f?
0
Let y = 28 - 17. What is the remainder when y is divided by 8?
3
Let o(l) = -3*l + 29. Let a(g) = -2*g + 14. Let w(v) = -5*a(v) + 3*o(v). Calculate the remainder when 33 is divided by w(0).
16
Suppose 86 = 5*i - 9. What is the remainder when i is divided by 5?
4
Let x = 15 - 10. Let r(y) = -y**3 + 9*y**2 - 5*y - 4. Let q be r(x). Suppose q = 2*v + 9. Calculate the remainder when v is divided by 16.
15
Let t(l) = 2*l + 3. Let z be t(-10). Let i = z + 28. What is the remainder when 20 is divided by i?
9
Let r = 37 - 14. What is the remainder when r is divided by 12?
11
Suppose -5*u + 0 = -20. Calculate the remainder when (26/4)/(2/u) is divided by (7 + -4 - (1 + -1)) + 2.
3
Let p = 45 - 36. What is the remainder when 13 is divided by p?
4
Suppose -66 = -5*l - 11. What is the remainder when 41 is divided by l?
8
Suppose 2*i + 3*i + 4*x - 84 = 0, 4*i = -4*x + 64. What is the remainder when 58 is divided by i?
18
Let d(x) = x**2 + 6*x - 1. Let s be d(-6). Let f(i) = -61*i**2 - 1. Let y be f(s). Calculate the remainder when 2/4 - y/4 is divided by 9.
7
Let i = 80 + -14. Suppose 0 = -4*s - 5*r + 98 + 34, r = -2*s + i. Calculate the remainder when s is divided by 9.
6
Let c be (24/15)/(1/25). Suppose -5*b = s + s - 119, -b = -5*s - c. What is the remainder when b is divided by 7?
4
Suppose 0 = 5*g - 2*g - 249. Calculate the remainder when g is divided by 28.
27
Suppose 0 = -0*f + 2*f - 6. What is the remainder when (-8)/3*(f - 9) is divided by 9?
7
Suppose 19 - 4 = 5*h. Suppose h - 10 = -s. What is the remainder when 12 is divided by s?
5
Let t(q) = q**2 + 10*q + 23. Calculate the remainder when t(-17) is divided by 36.
34
Let o(l) be the second derivative of -2*l**3/3 - l**2/2 - l. Let v(x) = x**2 - 2. Let d be v(0). What is the remainder when 19 is divided by o(d)?
5
Suppose 2*d - 228 = -0*d - 4*b, 0 = -4*d + 5*b + 495. What is the remainder when d is divided by 25?
20
Let k = -1 - 1. Let l be ((-105)/9)/(k/12). Let t = l - 17. What is the remainder when t is divided by 18?
17
What is the remainder when ((-170)/(-4) - 4)*2 is divided by 16?
13
Suppose 3*s - 20 + 65 = 0. Calculate the remainder when 1720/25 - 3/s is divided by 18.
15
Let g be 4 + -3 + -3 - -5. Suppose c = -g*c + 20. What is the remainder when 14 is divided by c?
4
What is the remainder when 5/((-70)/(-1366)) + (-3)/(-7) is divided by 26?
20
Let m(i) = i**2 + 2*i + 6. Let t be -2 - (3 - 1 - 7). Suppose -h - t*h + 244 = 0. What is the remainder when h is divided by m(-5)?
19
What is the remainder when 126/((-1)/(4/(-6))) is divided by 29?
26
Suppose -a - 3*m + 2 = 2*m, 4*m + 44 = 3*a. Suppose 4*n - 24 = -3*v, -3*v + 0*v = -5*n - 24. What is the remainder when a is divided by v?
4
Let g = 17 - 13. What is the remainder when 14 is divided by g?
2
Let f = -6 - -11. Suppose 2*j + 5 = -f*u - 26, u = -j - 11. Let s = j - -22. What is the remainder when s is divided by 5?
4
Suppose 5*b = -5*b + 350. Calculate the remainder when b is divided by 18.
17
Let r = 89 + -72. Calculate the remainder when 135 is divided by r.
16
Calculate the remainder when 18 is divided by (1 - 2)/(4/(-20)).
3
Suppose -t + 41 = -4*y, 5*t = 6*t + y - 16. Calculate the remainder when (-63)/(72/8) - -88 is divided by t.
18
Suppose -31*u + 29*u + 156 = 0. Calculate 